
-8
Calculate -72 + 72 - (0 - 3).
3
6 + -8 + (1 - -1)
0
-1 - (-1 + 0) - (-2 + 7)
-5
-14 + 0 + -8 + 6 + 9
-7
Calculate -5 + -2 + 2 - -4.
-1
Evaluate -1 + 0 + 4 - (0 - -6).
-3
What is -1 + 0 - (56 - 67)?
10
(1 - 7) + (-9 - -9) + 9
3
Evaluate 4 + (2 - 0) + -2.
4
Evaluate 3 - (-4 + 3 - -3).
1
Evaluate -7 + -8 + (-2 - -20).
3
Evaluate -2 + -5 + 4 + 1.
-2
Calculate (-8 - -8) + 3 + -2 + 0.
1
What is 0 - ((1 - 3) + 3)?
-1
Evaluate -6 + (-3 - -4) + 4 - -2.
1
Calculate 3 - (0 - (-5 + 2)) - 4.
-4
Calculate 0 - -1 - ((-12 - -8) + 1).
4
What is -3 - -19 - (39 + -30)?
7
Evaluate (-5 - -6) + (-2 - -1) + 2.
2
What is the value of (-1 - -2) + (-10 - -12 - 4)?
-1
-22 + 19 + (1 - 1 - -5)
2
What is the value of 2 - (-5 + 1 - (8 - 10))?
4
What is the value of 7 + -2 + 5 + -9?
1
Evaluate -2 + 1 + (3 - 6) + 0.
-4
(1 - 5) + 5 + 4
5
What is the value of (-2 - 2) + -7 + 8 + -1?
-4
Calculate -3 + 0 + -1 + 2.
-2
(-4 - -7 - 2) + (-6 - -1)
-4
What is the value of 11 - (-1 - (-17 - -7))?
2
Calculate -11 + 11 + 8 + 1 + -4.
5
Evaluate (-13 - -13 - (0 - 3)) + 6.
9
-3 + (3 - -1) + -3 - 2
-4
Evaluate -2 + (-14 + 9 - (-1 + -9)).
3
Evaluate 0 + -2 - (32 - 35).
1
What is the value of -8 + 18 + (6 - 8) + -3?
5
1 + 5 + -8 + 4
2
-2 + -4 + 6 - 1
-1
What is the value of -8 - (0 - 6) - (3 - 0)?
-5
Calculate -2 + -5 - (-2 + 1).
-6
Evaluate 25 + -31 + -1 + 11 + -6.
-2
Evaluate (7 + -28 - -8) + 5 + 4.
-4
Evaluate -7 - (-1 + -4 + 0).
-2
Evaluate -1 + -3 + -5 + 3 + 3.
-3
Evaluate -4 + 1 - (6 + -19 - -9).
1
What is the value of (-1 - 1) + (-2 - -4)?
0
Evaluate -6 - (4 + (-3 - (0 + 2))).
-5
Calculate -2 + (11 - 4) - 1.
4
Evaluate -5 + 0 + 35 + -28.
2
What is 4 + -9 - -6 - (-6 - -2)?
5
What is -7 - -12 - (1 + 3)?
1
(-13 + 23 - 13) + 12
9
-9 - (-4 - 22) - 8
9
14 + 1 + (-135 - -127)
7
-6 - (-1 + -2 - (-11 + 12))
-2
What is -1 - (13 - 6) - -6?
-2
What is the value of (-11 + 7 - -3) + 6?
5
Evaluate 0 + (2 + -7 - -1) - -3.
-1
Evaluate (-8 - -11) + (2 - 1 - 0).
4
What is (5 - (5 + -4)) + 0?
4
Evaluate -3 + 2 - (5 - 2).
-4
Calculate (3 - -1 - 7) + -5.
-8
Evaluate 3 + -1 + 13 + -28 + 8.
-5
What is the value of (-2 - 0) + 2 + -2 + -1?
-3
Evaluate -2 - (-2 - -1 - -1) - -3.
1
What is the value of (-14 + 18 - 0) + 1?
5
Evaluate 6 + (-2 + 3 - 3) + -10.
-6
What is (-3 - -2) + (-10 - -12)?
1
(2 - (0 + 7 + -10)) + -2
3
Calculate ((-3 - -2) + -3 - -4) + -6.
-6
What is (11 - 16) + 14 - 11?
-2
What is the value of (6 - 5) + (4 - 1 - -1)?
5
1 - -5 - 7 - (-6 + 1)
4
What is -1 + 2 - 0 - (-7 + 14)?
-6
What is (-1 + -2 - (3 - 4)) + 5?
3
4 - (11 - (3 + -1))
-5
What is the value of -1 - (-18 + 9 - (-6 - 1))?
1
Calculate -13 - (-3 - (-1 - -2)) - -8.
-1
What is the value of 0 + (8 - (5 + -2 + 1))?
4
What is the value of 1 - (-3 - -1 - -1) - -2?
4
1 + (3 - 4) - -2
2
What is the value of 14 + (5 + 0 - (48 - 37))?
8
Calculate -1 + (6 - (-14 - -11)).
8
What is the value of 33 - 36 - (-1 + 0)?
-2
What is the value of (10 + (-7 - -11) - 6) + 0?
8
What is -2 - (-1 - (0 - (-5 - -2)))?
2
Evaluate 4 + -6 + 2 + 3.
3
What is -6 + 7 - ((0 - -2) + 1)?
-2
What is the value of 1 + -2 - -4 - 2?
1
What is -9 - -17 - 9 - (1 - -1)?
-3
0 + -5 + (5 + 1 - 4)
-3
What is the value of 3 - (1 - (-5 - -7))?
4
-10 - (-20 - -12) - (2 + -1)
-3
Calculate 3 + 1 - (-1 - (-9 + 9)).
5
Calculate -2 - 2 - (6 + (-1 - 4)).
-5
Evaluate (1 + 0 - 5) + 3.
-1
What is -2 + 9 + -8 + -6 + 9?
2
What is (0 - -6 - 11 - -6) + -3?
-2
What is the value of 1 + (2 - -2 - (3 - -3))?
-1
Calculate (8 - 2) + 0 + -2.
4
What is the value of 6 - 9 - (5 + -4 - -4)?
-8
Evaluate -3 - (-2 - (-4 + 1)).
-4
What is the value of 3 - (-5 + 11) - 2?
-5
Evaluate (-7 - (1 + 4)) + 6 + 1.
-5
Evaluate (0 - 3) + -1 + 5 - 4.
-3
Evaluate -2 + 9 + 5 + -7.
5
Evaluate -15 + ((6 - 0) + 3 - 4).
-10
Evaluate 5 + 0 + 4 + -4.
5
What is 6 - (7 + -3) - 0?
2
What is (-18 - -12 - (-1 + -1)) + 3?
-1
Calculate -5 - -3 - (10 - 18).
6
What is -8 + (26 + -27 - (0 + -3))?
-6
What is the value of 1 - ((3 - -2) + -3 + -6)?
5
What is 1 + (2 - -1 - 5)?
-1
Evaluate 4 + -1 + 29 + -30 - -3.
5
What is the value of 4 - 1 - (5 + -1)?
-1
What is the value of -2 - 3 - (2 + -3)?
-4
Evaluate 71 + -65 - (11 - 1).
-4
Calculate -1 - ((-20 - -17) + 5 + 2).
-5
Calculate -6 + (-8 + 21 - (0 - -2)).
5
Evaluate 1 + (-1 - 1) - (-1 + 1).
-1
What is -1 - 2 - 3 - -2?
-4
Calculate (4 - 8) + -6 + 10 + 1.
1
Evaluate 5 - (-2 + 3 + -1).
5
What is the value of 10 + -14 - (0 + -1)?
-3
What is the value of (5 - 6) + 3 + 1 + 0?
3
What is -4 + (-3 - (5 + -13))?
1
Calculate 3 + 0 + 3 + -4.
2
What is the value of -3 + 2 - (-5 + 6)?
-2
What is the value of -2 + 2 + 2 - (-16 + 23)?
-5
Calculate 2 + 3 - 1 - 12.
-8
Evaluate -4 + 1 - (5 + -7).
-1
6 + -9 + (2 - -3) + -4
-2
What is the value of -4 + (8 - ((-3 - 3) + 9))?
1
Calculate 3 + 2 - (2 + 3 - -4).
-4
(-1 - -1) + 1 + 1 + 0
2
What is -2 + (-4 - -2) + 3?
-1
Calculate 1 + -7 + (4 - (1 - -2)).
-5
What is the value of -1 - (1 - -5 - 3)?
-4
What is the value of 0 + 14 - (-10 + (9 - -7))?
8
What is -2 + -2 + 2 - -3?
1
What is the value of -3 + 1 - (7 - (-9 - -12))?
-6
8 + (0 - 5 - 3)
0
Evaluate -3 + -1 + (6 - (2 + 6)).
-6
7 + 9 + 1 + -18
-1
Evaluate -130 + 119 - (-2 - -1).
-10
16 - (23 + -11) - (2 - -2)
0
What is -2 + (0 - (-6 - -3))?
1
What is (-2 - (-5 - -1)) + 0?
2
What is the value of 2 - (1 + 5 + 5 + -13)?
4
-2 - (5 + (-8 - -3) - 0)
-2
What is -1 - ((2 - 5) + -4) - 16?
-10
Evaluate 5 + (0 + -2 - 2).
1
Evaluate -3 - (-6 - -2 - (-1 - -7)).
7
2 - (2 + 5 + -8)
3
Evaluate 1 + (5 - (-3 - -10)).
-1
Calculate 1 + -2 - (-15 + 4 - -11).
-1
What is the value of 5 + (0 - 3) + -4?
-2
Calculate 8 + (-4 - -1) + 2 + -4.
3
Evaluate 3 - (0 + 3) - -2.
2
Evaluate -4 - 0 - (87 - 88).
-3
-16 + 7 + -3 - -8
-4
What is the value of 12 + (-3 - (-1 + 0 + 4))?
6
What is the value of 6 + -4 + -7 + -1 + 2?
-4
Calculate 1 + 0 - (-11 + 6 + 8).
-2
Evaluate (5 - 7) + 5 + -8 - 0.
-5
Calculate -12 - (3 + -8) - (0 + -2).
-5
Evaluate -1 - (3 + -1 - -2 - 0).
-5
What is 8 + -9 - -7 - 4?
2
Evaluate 102 + -89 - (0 - -13).
0
Calculate (-1 - -3) + (-9 - -6) - 6.
-7
Evaluate 1 + -1 + 0 + -10 + 6.
-4
Calculate (-4 + 10 - 10) + 5.
1
Calculate -13 + (-1 - -2) - 0 - -3.
-9
What is the value of (2 - (1 + -6) - 5) + -1?
1
What is the value of (-5 - -13) + -10 + -7?
-9
Calculate -6 + (4 - -2) + 5.
5
Evaluate -14 + 4 - (-2 + -8).
0
-3 + (-4 + 4 - -3) + 2
2
Calculate 9 + (-8 - -4) - 4.
1
-1 + -2 + 6 + -4
-1
12 - (-4 - -13) - 3
0
What is -1 + (0 - -3) + (3 - 5)?
0
What is -7 + 5 + (0 - -3) + -1?
0
What is the value of 23 - (13 - (-7 - -8))?
11
What is the value of 5 - (-3 + (1 - -2) - -2)?
3
What is 10 + -17 + 15 - (0 - -16)?
-8
What is the value of -4 + -4 + (18 - 4) + -1?
5
What is 4 + (-7 + 11 - 3)?
5
Evaluate 0 + (-2 - 0) + 6.
4
-6 + -3 - (-10 + (1 - -2))
-2
What is -5 + (-10 - -3) - (-1 + -4)?
-7
Calculate -1 + 6 + -1 + 1.
5
(-1 - -4) + 8 + -8 - 1
2
(1 - 4) + 35 + -36
-4
2 + (-6 - -4) + 3
3
What is the value of 0 - (-3 - -3 - -3)?
-3
What is 1 - -2 - (12 - 13) - 3?
1
What is (-2 - -2) + (-2 - -5 - 0)?
3
Evaluate 1 - ((0 - -5) + -6).
2
What is 7 - -3 - -3 - 3?
10
Evaluate 2 + 1 + (2 + -1 - 2).
2
What is the value of -3 - (-4 - (2 - 3))?
0
-3 - (-2 - (6 - (0 - -11)))
-6
-6 - (-12 - (0 + -3) - -4)
-1
-4 + (-1 - (-2 - 4))
1
What is 3 + -16 + 17 + -2 + 1?
3
Calculate 10 + (11 - (21 - 6)).
6
4 + -3 + -2 - 4
-5
4 - (2 + 3 - -3)
-4
What is 5 + (-26 - -19) - (0 + 2)?
-4
6 + (-3 - 0) + 4 + -4
3
Evaluate -3 + (-2 - 2) + 14.
7
Calculate 3 - (17 + -15) - (-1 + -1).
3
Calculate (-2 - -2) + 1 + 4 + -10.
-5
Evaluate (0 + -2 - 5) + (-1 - -5).
-3
Calculate -4 + (12 - 6 - -3).
5
Evaluate -15 - -4 - -22 - 20.
-9
Evaluate 4 + -4 + -3 + -1 - 1.
-5
1 - 4 - (-4 - 6 - -16)
-9
Calculate 10 + (-6 - (-1 + -4 + 1)).
8
Calculate 1 - 1 - ((-3 - -3) + -1).
1
7 + (-7 - 0) + (-24 - -34)
10
What is 4 + 4 + -16 + 3?
-5
What is the value of -4 + (3 - 3) + 4?
0
(0 - (0 + 5)) + (1 - -6)
2
Evaluate -4 + -2 + -5 + 7.
-4
-1 - ((6 - 9 - 5) + 3)
4
(-6 - -5 - (-2 - -2)) + -4
-5
What is -2 + 3 + 2 + (0 - -1)?
4
Calculate -2 - 3 - (-1 - 9).
5
Evaluate (36 - 42) + (5 - (-2 + 2)).
-1
Evaluate 4 - (-11 - 0 - -10).
5
0 + (5 - (2 + (1 - 3)))
5
Calculate (-11 - -8) + 1 - 4.
-6
Calculate 12 - 18 - -4 - (-2 + -1).
1
What is the value of -32 + 34 - (-2 + 1 + 1)?
2
Evaluate 3 + -3 + 2 - (0 + -1).
3
Evaluate 0 +